rime number?
False
Suppose 5*h + 6328 + 19478 = 4*c, -3*c = -2*h - 19351. Is c a prime number?
True
Let q(z) be the second derivative of 19/2*z**2 + 1/4*z**4 + 1/6*z**3 + 0 + 8*z. Is q(8) a composite number?
True
Let b be (2/(-1) - 208)*95/57. Is (-247419)/(-75) - 28/b a prime number?
True
Is (-3 - (-26673)/(-3))/(145/(-145)) a composite number?
True
Suppose 3*b = -22 + 7. Let s be b*1/(-10)*(0 - 464). Let h = 926 + s. Is h prime?
False
Let u(w) = 428*w**2 + 7*w + 23. Is u(-14) a composite number?
False
Is 3/((-36)/(-18692))*(-5)/((-45)/621) prime?
False
Let n be (3 + 723/(-2))*6/9. Let j = n - -738. Is j a prime number?
True
Suppose -50*q + 961643 - 398407 = -3079614. Is q composite?
True
Suppose -51*b = -55*b - 28. Let o(z) be the first derivative of -17*z**2/2 - 28*z + 1. Is o(b) a composite number?
True
Let q(t) = -6*t - 68. Let u be q(-11). Is u*(1 + 153282/(-12) - -4) a composite number?
False
Suppose 0 = -177*q + 166*q + 308. Suppose -9001 = -3*y + 4*w, 4*y + 31*w - 11993 = q*w. Is y prime?
True
Let f = -1459 - -4395. Let t = f - 2094. Is t prime?
False
Suppose 24*j - 24373328 = 25*j - 113*j. Is j a composite number?
False
Let w = 1058904 - 536653. Is w a composite number?
False
Is (-272951*(-8)/(-168))/(7/(-3) - -2) a composite number?
False
Suppose 4905594 + 2961700 = 93*w - 10816313. Is w composite?
False
Let p be 4859/2 - 4/8. Suppose -2247*h + 2253*h - 180 = 0. Let g = p + h. Is g a composite number?
False
Is 106714*1 - 8/12*72/(-16) composite?
True
Is (-63)/36 - 13376313/(-108) a prime number?
True
Suppose 5*c - 75 = -55. Suppose 19754 = 3*j - c*z - 5304, -2*z - 25060 = -3*j. Is j a composite number?
True
Let d(z) = 78 + 44 - 10 - 7*z - 21. Let n be d(14). Is 266/3 - n/21 prime?
True
Let k = 3088 - 1696. Suppose 30536 = 8*h - k. Is h a composite number?
True
Let k(h) = -2*h**2 + 2*h + 68. Let l be k(-14). Let z = 691 + l. Is z prime?
False
Let r = 1096682 - 689449. Is r composite?
False
Let m(f) = 3*f - 28. Let x be m(10). Suppose 10 = -5*y, 4*y - x*y - 20530 = -2*n. Is n a composite number?
False
Suppose -3*i + 231025 = 2*v, 10*i = 14*i - v - 308015. Is i composite?
True
Suppose 24*x - 75 = 9*x. Suppose 100502 = x*b - 16853. Suppose 0 = 13*r - 6*r - b. Is r composite?
True
Suppose -4*x - 2050 = x - 5*h, -4*h + 1232 = -3*x. Let w = 2016 + x. Suppose -640 = -q + d, 2*q - 4*d + 330 = w. Is q a composite number?
False
Let b = -246 - -289. Let c = b - -1012. Is c composite?
True
Let k = -53 - -43. Let h be (-3)/(-6) - (-5)/k. Suppose -5*o - 2*o + 3353 = h. Is o composite?
False
Let s = 148 - 126. Is (7286/(-4))/(-11 - (-231)/s) composite?
False
Suppose -38 = -5*y - 8. Is (4 - (-1 - 1730)) + y a prime number?
True
Let z(h) = -4757*h + 784. Is z(-15) composite?
False
Let i(a) = 47419*a + 429. Is i(2) composite?
False
Let d(x) = -14*x**3 - 6*x**2 - 7. Suppose 0*t = 4*t. Suppose -14*i + 8*i - 18 = t. Is d(i) a composite number?
False
Let q(i) = 173*i - 22. Suppose -63 = -6*d + 99. Is q(d) prime?
True
Suppose -z - 6*n + 3*n = -46, -3*n = 4*z - 166. Suppose -z*b = -48*b + 18472. Is b composite?
False
Suppose 2*t = 3*f - 2125793, -35 = -129*t + 134*t. Is f prime?
True
Suppose 2*k - 6 = -5*i, 4*i + 0*i - 3*k = -9. Suppose c + i = 4. Suppose -11920 = -4*g - c*r, -g = 7*r - 4*r - 2984. Is g prime?
False
Let d be (-755283)/18 + 30/180. Is (-1)/(-2 + 1 + d/(-41970)) composite?
True
Suppose -t - 4 = -0*t, -5 = s - t. Is s/90 - 19211/(-10) a prime number?
False
Let m be (-1)/(3/4)*(-51)/34. Suppose g + 919 = -m*j + 5212, -4*g = -5*j - 17237. Is g prime?
False
Let f be (-2*2/(-16))/((-2)/(-56)). Let g be (-22)/77 + 16/f. Is ((-265)/(-25))/(g*(-2)/(-20)) a composite number?
False
Suppose -1045*p = -1041*p - 39012. Suppose 0*t = -3*t, -b + 5*t = -p. Is b composite?
True
Let j = 167519 - 67570. Is j prime?
False
Let f(w) = -w - 1. Let s be f(-9). Suppose -11*q - 24 = -s*q. Is 1143/36*q/(-2) a composite number?
False
Is 3260582/10 + 300/(-250) a composite number?
False
Suppose -21433 - 16097 = -10*x. Is (2/4)/(x/938 + -4) composite?
True
Let o(r) = 225*r**2 - 5*r - 10. Let p be o(-4). Let y = 1869 + p. Is y prime?
True
Let w(l) = 8*l + 128. Let x be w(-16). Suppose 3*n + 4*q - 25067 = x, -3*n + 2*q + 25065 = 5*q. Is n a prime number?
True
Suppose -2*w + 3*m = 2*m - 9, 0 = -w + 2*m. Suppose w*o + 115 = o. Is ((-32 + 3)*1)/(1/o) prime?
False
Suppose 0 = -3*t + 4*o + 17514, 2*t + 3*o = t + 5851. Suppose 11*x - 3376 - t = 0. Is (x/(-8))/((-65)/20 - -3) prime?
True
Let k(s) = -45*s - 29. Suppose 3*l + 12 = -4*d, l + 4*l - 15 = 5*d. Let c(w) = 23*w + 14. Let o(h) = d*k(h) - 5*c(h). Is o(4) composite?
False
Suppose f - 9201 = 1381. Suppose 2*n - 3*p - f = 0, 0*n + p = n - 5293. Is n a prime number?
True
Suppose -27*n = 2*n - 116. Suppose 0 = -3*q + 3*v + 2724, n*q - 2*v = 9*q - 4575. Is q prime?
False
Let v(k) = -10*k**2 - 522*k - 51. Is v(-35) prime?
False
Let p(s) = 4291*s + 2324. Is p(65) prime?
False
Let z = -247 - -492. Let k = 278 - z. Is k a prime number?
False
Suppose 0 = 4*n + 3*c - 55828, 5*n - 69785 = -3*c + 6*c. Let u = n - 4884. Is u prime?
False
Suppose -119*u - 39 = -3*h - 124*u, -4 = -2*h + 4*u. Let a(b) be the third derivative of b**5/20 + 13*b**4/24 + 7*b**3/6 - b**2. Is a(h) a composite number?
True
Let b(i) = 35739*i**2 + 52*i + 37. Is b(-2) prime?
False
Suppose 1020 = 5*f - 3*c + 14076, 3 = -c. Let g = 3872 + f. Is g prime?
True
Suppose 0 = -4*d - 3*h + 1647262, 20*d + h - 2470900 = 14*d. Is d a prime number?
False
Let y = -35964 - -66619. Is y prime?
False
Let k = 282898 - 48863. Is k composite?
True
Suppose -3*s = 12, -7*l + 2*l + 2*s + 28 = 0. Suppose 0*p + 4*p - l*q - 96 = 0, 5*p = q + 124. Is p a composite number?
True
Let u(f) = -3*f**3 - 3*f - 4*f**3 + 2*f + 1 + 5*f**2. Suppose 4*r - 12 = 4*i - 5*i, 0 = -5*i - 4*r - 4. Is u(i) composite?
True
Let d = -27090 + 45407. Is d a composite number?
True
Suppose -41*t + 35*t + 30 = 0. Suppose 4*o - 3934 - 5345 = h, -t*o + 11600 = -h. Is o composite?
True
Suppose 91993 = 4*u - 323647. Is (-2 + -4)*u/(-60) prime?
True
Let g = 20 + -14. Let w = g + -2. Suppose w*n = 4*q - 152, -5*q + 2*n + 192 = -n. Is q a prime number?
False
Let i(x) = 5*x**3 - 10*x**2 + 14*x + 35. Let z be -15*(-22)/825*(-1 + 16). Is i(z) prime?
True
Is ((-5817)/63)/(1/3846*-2) a prime number?
False
Let m = 35399 - 13438. Is m a prime number?
True
Suppose 2083 - 425 = w + g, 0 = 2*g. Suppose -68 = -4*y - 2*q, -91 = -13*y + 8*y - 4*q. Let h = y + w. Is h a composite number?
True
Let j = 3095757 + -568946. Is j a composite number?
True
Let n = -5 + 58. Suppose n*z = 55*z + 4320. Let w = z + 4633. Is w a prime number?
True
Let w = -4245 - -6763. Suppose -3*f + 6*f = 12. Suppose -2*u - 3*u + 6295 = -f*b, 0 = -2*u - b + w. Is u a composite number?
False
Suppose -304*l + 2*s - 230538 = -308*l, -5*l = -s - 288190. Is l prime?
True
Let j(n) = 33*n**2 + 66*n - 22. Let w be j(-21). Let p = w + -9178. Is p prime?
True
Let w(p) = -6 + 1 - 3 - 13 + 101*p. Let h be w(-22). Let a = h + 3766. Is a composite?
False
Let h(z) = 105*z**3 - z**2 + 29*z + 12. Is h(19) a composite number?
False
Let m = 394 + 138. Let p = -99 + m. Suppose p + 1664 = 3*d. Is d a prime number?
False
Let s(g) = -2130*g - 39. Let i be s(-2). Let z = i - 2476. Is z composite?
True
Let n(r) = 44910*r + 751. Is n(9) composite?
False
Suppose 4*g - 5*w = 37, -2*g - 4*w - 2 = -14. Let r(l) = 15*l**2 - 5 - 5*l + g*l + l + 0*l. Is r(4) a prime number?
True
Suppose 258*q - 47622925 = 83*q. Is q composite?
False
Let f be ((-27)/(-18))/(1/4534). Let o = 2907 + f. Suppose 5*c = 6*i - 8*i + 4878, -2*c - o = -4*i. Is i composite?
True
Is 563629428/166 + (13 - 0) prime?
False
Suppose -50*b - 53726756 = -106*b - 20*b. Is b a composite number?
True
Suppose -1997 = -3*h + c + 75458, -4*c = -8. Is h composite?
False
Is (-3)/15 + (3181532/35 - 12/(-42)) a prime number?
True
Let h = -156146 + 267193. Is h composite?
True
Suppose 2*m + 268 = 4*n, -n + 369 = -3*m - 8. Suppose -f - k + 97 = 3*f, 4*k + 137 = 5*f. Let g = f - m. Is g prime?
True
Suppose 7*u + 14 = d + 2*u, d + 4*u - 5 = 0. Let w(q) = -63*q + 19. Let v be w(d). Let i = v + 1717. Is i a prime number?
False
Let l(a) = -a**2 + a. Let c(n) = 41*n**3 + 5*n**2 + 1. Let g(d) = -c(d) - 3*l(d). Let h be g(-2). Let f = h - -1906. Is f